3 + 111*z**2 + 62*z - 303. Let u be o(56). Calculate the highest common divisor of u and 13497.
33
Suppose -8*m + 11*m - 45 = 0. Let l = 27 - m. Calculate the highest common factor of l and 6.
6
Suppose 2*j = 5*u - 143, -5*j - 309 - 56 = -5*u. Suppose -4*d + 206 = -2*d. Let w = j + d. What is the greatest common factor of 29 and w?
29
Suppose -3*y - 4*w - 325 + 1091 = 0, -2*y - 4*w = -516. Calculate the greatest common factor of 235 and y.
5
Let d be (-234)/(-16) - 270/(-720). Calculate the highest common factor of d and 1570.
5
Let j be -1*9/(-15)*(-40)/(-4). Let h be j*20/12 + -4 + -1. Let z be (-3)/30*6 + 1263/h. What is the highest common factor of z and 36?
36
Let u = 68020 - 67935. Let m = 24 - 7. Calculate the highest common factor of u and m.
17
Let t = 17415 - 7455. Calculate the greatest common divisor of t and 240.
120
Suppose 3*j = -3*x + 3618, 4*x - 134 = j + 4710. Calculate the greatest common factor of x and 40.
10
Let g be ((-20)/(-25))/((-7)/(-35)). Let r(t) = -12*t + 57. Let d be r(g). Calculate the highest common factor of 486 and d.
9
Let y be 3 - (-15 + 1)/14*89*59. Calculate the highest common factor of y and 71.
71
Let r(j) = -54*j**2 - 3249*j - 10. Let p be r(-60). What is the greatest common divisor of 19345 and p?
265
Let i be -3*(-5)/(-50)*5*(-11732)/3. What is the highest common divisor of 14 and i?
14
Suppose -9 = 3*v, 7*v - 384 = -4*d + 11*v. Calculate the highest common divisor of 713 and d.
31
Suppose 0 = 3*t + 3, d - 125 = t - 9. What is the highest common factor of d and 46?
23
Suppose 0 = -h - 3*l + 188, 768 = 5*h - h - 4*l. What is the highest common factor of h and 5?
1
Suppose -4*l + 5*z = 10*z + 880, l = -z - 221. Let s = 252 + l. What is the greatest common factor of 36 and s?
9
Suppose -7 = -11*f + 10*f. Suppose 0*n = -3*n - 3*y + 24, 0 = 5*y - 20. Suppose 0 = n*o - 5*o + f. What is the greatest common factor of o and 7?
7
Let f(c) = -198*c**2 - 3*c - 4. Let z be f(-1). Let i = -169 - z. What is the greatest common factor of 130 and i?
10
Let h(t) = 444*t + 2235. Let a be h(-5). Let c be 5*9 - (-8 + 6). Suppose 2*i - c = 43. What is the highest common divisor of a and i?
15
Suppose -j + 170 = j. Suppose 2*g + 38 = -2*p, 55 = -5*g + 19*p - 14*p. Let q = j - g. What is the greatest common divisor of q and 40?
20
Suppose -5*a = -2*y - y + 17, 3*a + 3 = 0. Let d be 69/12 - y - (-1)/4. Suppose d*c - 10 = -2*c + f, 12 = c - 5*f. What is the highest common factor of c and 2?
2
Suppose -816 + 96 = -5*i. Let n be ((-2736)/156 + 18)*117. What is the highest common divisor of n and i?
18
Suppose -40*a = -9280 - 16560. Calculate the greatest common factor of a and 68.
34
Let o(b) = -b**2 + 24*b - 133. Let a be o(16). Let g(k) = 2*k**2 + 16*k + 78. Let q be g(a). Calculate the highest common divisor of q and 192.
48
Let d(l) = l**2 + 12*l - 69. Let m be d(-17). Calculate the highest common factor of 10576 and m.
16
Suppose -13*t - 45 = -14*t. Let m be (-270)/(40/(-4))*3. Calculate the greatest common divisor of m and t.
9
Suppose 4*x - 2*d = 4458, 23*d = x + 22*d - 1118. Calculate the highest common divisor of x and 44.
11
Let r be 23/(0 + -1 - 0). Let y = r + 47. Let a = -10575 + 10611. What is the highest common factor of a and y?
12
Suppose 14*u = 7*u + 105. Suppose 4*j + u = 51. What is the greatest common factor of 27 and j?
9
Let g be (-9 - -4) + 3 + -2. Let s(y) = 12*y**2 - 5*y - 9. Let p be s(g). What is the greatest common factor of p and 29?
29
Let f = 19496 + -19424. Calculate the greatest common factor of 4248 and f.
72
Let d be (-1 - -3)*80/10. Let g = -1 + 9. Let y be (8/(-10))/(g/(-20)). Calculate the highest common divisor of y and d.
2
Let q(p) = 7*p + 1226. Let l be q(-3). Calculate the highest common factor of l and 25.
5
Let d(k) = -17*k**2 - 260*k + 2. Let o be d(-14). Calculate the highest common factor of o and 434.
62
Suppose 4*x - 275 = 101. Let j = -852 - -874. Suppose 4*q - 43 = -h + j, x = 5*q - 3*h. What is the greatest common divisor of 17 and q?
17
Let y(b) = 3108*b - 111. Let q be y(7). What is the highest common factor of 390 and q?
195
Suppose 4*x + 4*c = 1756, 5*c - 11 - 9 = 0. What is the greatest common factor of x and 240?
15
Let o = -10792 - -12483. What is the greatest common divisor of o and 152?
19
Let c be 1 + -1 + 0 - -8. Let s(h) = -h**2 + 5*h + 3. Let g be s(3). Suppose -18*b + g*b = -9. Calculate the highest common divisor of b and c.
1
Let y(f) = f**3 - 8*f**2 - 4*f - 22. Let d be y(9). Suppose 2*j = d + 23. What is the highest common divisor of j and 23?
23
Let p = -2167 + 2365. What is the highest common factor of p and 1650?
66
Let h = -680 - -680. Suppose h = -8*z - 27*z + 280. Calculate the highest common factor of z and 224.
8
Let k = 6341 - 5729. What is the highest common divisor of k and 238?
34
Let z be 49/(-196) + ((-45374)/8)/(-7). What is the greatest common factor of z and 60?
30
Let p = -117 + 119. Suppose 0 = -r - 3*r + 8. Calculate the highest common divisor of p and r.
2
Suppose 2*d + 183 = m + 59, 2*d = -4*m - 104. Let y = d - -82. Calculate the highest common divisor of y and 8.
2
Suppose 40*y - 5*y = 3*y + 108288. Calculate the greatest common divisor of 144 and y.
72
Let l(k) = -19*k. Let m be l(-1). Suppose 2*c - 550 = 2*v, -3*v + 4 = -2. Suppose -h - 68 + c = 0. What is the greatest common factor of m and h?
19
Suppose -2 = 156*l - 155*l. Let g be (-4)/(l + 22) - 121/(-5). What is the greatest common factor of g and 96?
24
Let l = 10 + -10. Suppose 0*w + l*w = -w. Let i be w + 176 - (7 + -6). What is the greatest common divisor of 25 and i?
25
Let i(a) = -9*a**2 - a + 2. Let v be i(1). Let z = v - -8. Let k be z + 1 + (-14 - -28). What is the highest common divisor of 30 and k?
15
Suppose 0 = 13*b - 13213 - 2244. What is the greatest common factor of b and 451?
41
Let v = -450 + 454. Suppose -v*s + z + 598 = 54, -2*z = 2*s - 272. Calculate the highest common factor of 51 and s.
17
Let i(z) = 18*z - 6. Let y be i(3). Let a be 360/270*(-27)/(-1). What is the greatest common divisor of a and y?
12
Let s be 3 - (-1 + 9/3). Let l be (1 - -50) + 3/s. Suppose 3*t - 5*y = 8, -y - 3*y - 16 = -4*t. What is the greatest common factor of t and l?
6
Suppose 5*d + 3*l - 3641 = 0, 4*d - 3513 = -3*l - 602. Let i be (-6)/5 - (-392)/35. What is the highest common divisor of d and i?
10
Let a(w) = 220*w**2 - 93*w - 18. Let d be a(-7). Calculate the highest common factor of d and 101.
101
Let j = 640 + -637. Let i = 0 - -4. Suppose 3*r - i*r + 85 = j*d, r = -4*d + 115. What is the greatest common divisor of 10 and d?
10
Suppose -48*y - 730 = -1018. What is the greatest common divisor of 2478 and y?
6
Suppose 21 = o - 5*x, -o - 11 = 2*x + x. Let p(l) = 11*l + 7. Let h be p(o). What is the highest common divisor of 45 and h?
9
Suppose 41*o = -24*o + 50960. Calculate the greatest common divisor of o and 147.
49
Let k = -6386 + 8911. What is the greatest common factor of k and 100?
25
Suppose -3*v - 3*y = 363, 3*v + 5*y = -98 - 273. Let s = v + 132. Calculate the highest common factor of 3 and s.
3
Suppose -2*l + 21 = -2*d + 3*d, 2*l = 2*d + 6. Suppose 0 = -2*x + 14 - l. Calculate the highest common divisor of 39 and x.
3
Suppose 22 = 17*p - 18*p + 4*w, p + 4*w = 18. Let r be ((-84)/28)/(p/212). Calculate the highest common divisor of 6 and r.
6
Let n(y) = 41*y - 1850. Let w be n(46). What is the highest common divisor of w and 4230?
18
Let g = -70 + 75. Suppose g*u + 290 = 3*c, -c + 121 = -4*u + 22. Let d = -5 + c. What is the greatest common divisor of 18 and d?
18
Let j be 2/(-2)*(-22 + 12 + 5). What is the greatest common factor of 355 and j?
5
Let b(t) = -8*t - t + 5*t**2 + 4 + 17*t - 9*t. Let s = -60 - -57. Let o be b(s). What is the greatest common factor of 13 and o?
13
Suppose 0 = f + 4*f + x - 778, 0 = -5*f - 2*x + 776. Let q = f - 150. Calculate the highest common factor of q and 39.
3
Let m be (-2400)/900*51/(-2). Let y = 26 + -9. Calculate the greatest common factor of y and m.
17
Suppose -4*v + 5*f - 75 = 33, -5*v = f + 164. Let m be (-2)/9 + 904/18. Let c = v + m. What is the highest common factor of c and 2?
2
Let d be (-61)/(-3) + (-4)/(-6). Let y be (-2 + 1)/(72/(-7560)). What is the greatest common factor of y and d?
21
Suppose 4*n - 8*n = 0. Su